{"id":120,"date":"2026-03-25T17:50:02","date_gmt":"2026-03-25T17:50:02","guid":{"rendered":"https:\/\/kupujepapugi.pl\/?page_id=120"},"modified":"2026-03-25T17:50:02","modified_gmt":"2026-03-25T17:50:02","slug":"nimfy","status":"publish","type":"page","link":"https:\/\/kupujepapugi.pl\/index.php\/nimfy\/","title":{"rendered":"Nimfy"},"content":{"rendered":"<style type=\"text\/css\">\n#foogallery-gallery-15 .fg-image { width: 640px; }<\/style>\n\t\t\t<div class=\"foogallery foogallery-container foogallery-image-viewer foogallery-link-image foogallery-lightbox-foogallery fg-center fg-image-viewer fg-ready fg-light fg-border-thin fg-round-small fg-shadow-outline fg-shadow-inset-large fg-loading-default fg-loaded-fade-in fg-hover-semi-zoomed fg-caption-always fg-hover-fade fg-hover-plus3\" id=\"foogallery-gallery-15\" data-foogallery=\"{&quot;item&quot;:{&quot;showCaptionTitle&quot;:true,&quot;showCaptionDescription&quot;:true},&quot;lazy&quot;:true,&quot;template&quot;:{&quot;loop&quot;:true}}\" data-foogallery-lightbox=\"{&quot;thumbs&quot;:&quot;bottom&quot;,&quot;thumbsCaptions&quot;:false,&quot;thumbsBestFit&quot;:false,&quot;thumbsSmall&quot;:false,&quot;thumbsCaptionsAlign&quot;:&quot;default&quot;,&quot;info&quot;:&quot;bottom&quot;,&quot;infoVisible&quot;:true,&quot;infoOverlay&quot;:true,&quot;infoAlign&quot;:&quot;default&quot;,&quot;transition&quot;:&quot;fade&quot;,&quot;hoverButtons&quot;:false,&quot;fitMedia&quot;:false,&quot;noScrollbars&quot;:true,&quot;preserveButtonSpace&quot;:true,&quot;buttons&quot;:{&quot;fullscreen&quot;:true,&quot;info&quot;:true,&quot;thumbs&quot;:false},&quot;video&quot;:{&quot;autoPlay&quot;:true}}\" style=\"--fg-title-line-clamp: 1; --fg-description-line-clamp: 2;\" >\n\t<div class=\"fiv-inner\">\n\t\t<div class=\"fiv-inner-container\">\n\t\t\t<div class=\"fg-item fg-type-image fg-idle\"><figure class=\"fg-item-inner\"><a href=\"https:\/\/kupujepapugi.pl\/wp-content\/uploads\/2026\/03\/20131112_180423-scaled.jpg\" data-attachment-id=\"116\" data-type=\"image\" class=\"fg-thumb\"><span class=\"fg-image-wrap\"><img fetchpriority=\"high\" decoding=\"async\" width=\"640\" height=\"360\" class=\"skip-lazy fg-image\" data-src-fg=\"https:\/\/kupujepapugi.pl\/wp-content\/uploads\/cache\/2026\/03\/20131112_180423-scaled\/3491191711.jpg\" src=\"data:image\/svg+xml,%3Csvg%20xmlns%3D%22http%3A%2F%2Fwww.w3.org%2F2000%2Fsvg%22%20width%3D%22640%22%20height%3D%22360%22%20viewBox%3D%220%200%20640%20360%22%3E%3C%2Fsvg%3E\" loading=\"eager\"><\/span><span class=\"fg-image-overlay\"><\/span><\/a><\/figure><div class=\"fg-loader\"><\/div><\/div><div class=\"fg-item fg-type-image fg-idle\"><figure class=\"fg-item-inner\"><a href=\"https:\/\/kupujepapugi.pl\/wp-content\/uploads\/2026\/03\/20131112_181255-scaled.jpg\" data-attachment-id=\"117\" data-type=\"image\" class=\"fg-thumb\"><span class=\"fg-image-wrap\"><img decoding=\"async\" width=\"640\" height=\"360\" class=\"skip-lazy fg-image\" data-src-fg=\"https:\/\/kupujepapugi.pl\/wp-content\/uploads\/cache\/2026\/03\/20131112_181255-scaled\/1331821271.jpg\" src=\"data:image\/svg+xml,%3Csvg%20xmlns%3D%22http%3A%2F%2Fwww.w3.org%2F2000%2Fsvg%22%20width%3D%22640%22%20height%3D%22360%22%20viewBox%3D%220%200%20640%20360%22%3E%3C%2Fsvg%3E\" loading=\"eager\"><\/span><span class=\"fg-image-overlay\"><\/span><\/a><\/figure><div class=\"fg-loader\"><\/div><\/div><div class=\"fg-item fg-type-image fg-idle\"><figure class=\"fg-item-inner\"><a href=\"https:\/\/kupujepapugi.pl\/wp-content\/uploads\/2026\/03\/20131112_181000-1-scaled.jpg\" data-attachment-id=\"119\" data-type=\"image\" class=\"fg-thumb\"><span class=\"fg-image-wrap\"><img decoding=\"async\" width=\"640\" height=\"360\" class=\"skip-lazy fg-image\" data-src-fg=\"https:\/\/kupujepapugi.pl\/wp-content\/uploads\/cache\/2026\/03\/20131112_181000-1-scaled\/2132938713.jpg\" src=\"data:image\/svg+xml,%3Csvg%20xmlns%3D%22http%3A%2F%2Fwww.w3.org%2F2000%2Fsvg%22%20width%3D%22640%22%20height%3D%22360%22%20viewBox%3D%220%200%20640%20360%22%3E%3C%2Fsvg%3E\" loading=\"eager\"><\/span><span class=\"fg-image-overlay\"><\/span><\/a><\/figure><div class=\"fg-loader\"><\/div><\/div>\t\t<\/div>\n\t\t<div class=\"fiv-ctrls\">\n\t\t\t<button type=\"button\" class=\"fiv-prev\" title=\"Prev\"><span>Prev<\/span><\/button>\n\t\t\t<label class=\"fiv-count\"><span class=\"fiv-count-current\">1<\/span>of<span class=\"fiv-count-total\">3<\/span><\/label>\n\t\t\t<button type=\"button\" class=\"fiv-next\" title=\"Nast\u0119pne\"><span>Nast\u0119pne<\/span><\/button>\n\t\t<\/div>\n\t<\/div>\n<\/div>\n\n\n\n<h2 class=\"wp-block-heading\">Papugi nimfy \u2013 mali towarzysze o wielkich sercach<\/h2>\n\n\n\n<p>Papugi nimfy, zwane te\u017c <strong>nimfami australijskimi<\/strong>, to jedne z najbardziej uroczych i towarzyskich papug, jakie mo\u017cesz mie\u0107 w domu. Pochodz\u0105 z Australii, gdzie \u017cyj\u0105 w stadach i uwielbiaj\u0105 kontakt z innymi ptakami. Ich najbardziej charakterystyczn\u0105 cech\u0105 jest <strong>czub na g\u0142owie<\/strong>, kt\u00f3ry potrafi unosi\u0107 i opuszcza\u0107 w zale\u017cno\u015bci od nastroju.<\/p>\n\n\n\n<p>Nimfy s\u0105 ptakami bardzo inteligentnymi i ciekawskimi. Uwielbiaj\u0105 zabawki, interakcj\u0119 z cz\u0142owiekiem i\u2026 gwizdanie! Potrafi\u0105 nauczy\u0107 si\u0119 prostych melodii, a niekt\u00f3re osobniki nawet na\u015bladuj\u0105 s\u0142owa. To czyni je \u015bwietnymi towarzyszami dla os\u00f3b, kt\u00f3re szukaj\u0105 ptaka ch\u0119tnego do zabawy i bliskiego kontaktu.<\/p>\n\n\n\n<p>Opieka nad nimf\u0105 jest stosunkowo prosta, ale wymaga regularno\u015bci. W klatce nie mo\u017ce zabrakn\u0105\u0107 miejsca do latania i zabawy, a dieta powinna by\u0107 urozmaicona \u2013 nasiona, owoce, warzywa i suplementy witaminowe to podstawa. Warto te\u017c pami\u0119ta\u0107 o higienie i regularnych kontrolach u weterynarza.<\/p>\n\n\n\n<p>Co ciekawe, papugi nimfy wyst\u0119puj\u0105 w r\u00f3\u017cnych kolorach \u2013 od klasycznej szarej po rzadkie odmiany lutino czy per\u0142ow\u0105. Ich temperament bywa zr\u00f3\u017cnicowany \u2013 jedne s\u0105 nieco nie\u015bmia\u0142e, inne bardzo energiczne i towarzyskie. Dzi\u0119ki temu ka\u017cda nimfa jest wyj\u0105tkowa i potrafi wnie\u015b\u0107 do domu mn\u00f3stwo rado\u015bci.<\/p>\n\n\n\n<p>Je\u017celi szukasz ma\u0142ego, inteligentnego, a przy tym urokliwego ptaka, kt\u00f3ry potrafi sta\u0107 si\u0119 prawdziwym cz\u0142onkiem rodziny, nimfa australijska b\u0119dzie idealnym wyborem.<\/p>\n","protected":false},"excerpt":{"rendered":"<p>Papugi nimfy \u2013 mali towarzysze o wielkich sercach Papugi nimfy, zwane te\u017c nimfami australijskimi, to jedne z najbardziej uroczych i towarzyskich papug, jakie mo\u017cesz mie\u0107 w domu. Pochodz\u0105 z Australii, gdzie \u017cyj\u0105 w stadach i uwielbiaj\u0105 kontakt z innymi ptakami. Ich najbardziej charakterystyczn\u0105 cech\u0105 jest czub na g\u0142owie, kt\u00f3ry potrafi unosi\u0107 i opuszcza\u0107 w zale\u017cno\u015bci &hellip; <a href=\"https:\/\/kupujepapugi.pl\/index.php\/nimfy\/\" class=\"more-link\">Czytaj dalej <span class=\"screen-reader-text\">Nimfy<\/span> <span class=\"meta-nav\">&rarr;<\/span><\/a><\/p>\n","protected":false},"author":2,"featured_media":0,"parent":0,"menu_order":0,"comment_status":"closed","ping_status":"closed","template":"","meta":{"_monsterinsights_skip_tracking":false,"_monsterinsights_sitenote_active":false,"_monsterinsights_sitenote_note":"","_monsterinsights_sitenote_category":0,"footnotes":""},"class_list":["post-120","page","type-page","status-publish","hentry"],"aioseo_notices":[],"jetpack_sharing_enabled":true,"_links":{"self":[{"href":"https:\/\/kupujepapugi.pl\/index.php\/wp-json\/wp\/v2\/pages\/120","targetHints":{"allow":["GET"]}}],"collection":[{"href":"https:\/\/kupujepapugi.pl\/index.php\/wp-json\/wp\/v2\/pages"}],"about":[{"href":"https:\/\/kupujepapugi.pl\/index.php\/wp-json\/wp\/v2\/types\/page"}],"author":[{"embeddable":true,"href":"https:\/\/kupujepapugi.pl\/index.php\/wp-json\/wp\/v2\/users\/2"}],"replies":[{"embeddable":true,"href":"https:\/\/kupujepapugi.pl\/index.php\/wp-json\/wp\/v2\/comments?post=120"}],"version-history":[{"count":1,"href":"https:\/\/kupujepapugi.pl\/index.php\/wp-json\/wp\/v2\/pages\/120\/revisions"}],"predecessor-version":[{"id":121,"href":"https:\/\/kupujepapugi.pl\/index.php\/wp-json\/wp\/v2\/pages\/120\/revisions\/121"}],"wp:attachment":[{"href":"https:\/\/kupujepapugi.pl\/index.php\/wp-json\/wp\/v2\/media?parent=120"}],"curies":[{"name":"wp","href":"https:\/\/api.w.org\/{rel}","templated":true}]}}